 2 - (71 + -61)) + -13?
-12
Evaluate -27 - -21 - -11 - (-55 - -28).
32
Calculate -14 - ((11 - 6) + 10 + -24 + 0 + -1).
-4
What is (-26 - -41) + (-3 - 54)?
-42
35 - 78 - ((7 + -2 - 4 - 2) + -6)
-36
Evaluate 3 + -82 + 121 + -80.
-38
What is -62 + 5 + -3 - (-98 + 106 + -13 + -1)?
-54
Calculate -18 - -4 - -3 - 36 - -20.
-27
(1288 - 1388) + (43 - -2)
-55
What is the value of 8 + (-19 - 9) + -11 - (-2 - (-4 - -2))?
-31
-400 - -403 - (-5 + -27)
35
-34 + -80 + -90 + 273
69
What is -11 - (1 - 24 - (263 + -275))?
0
What is 1 + (75 - ((-1039 - -1038) + 0 + -1 + 5))?
73
What is 61 + 33 + (-66 - 0)?
28
What is 7 - 32 - ((11 - 3) + -7) - -13?
-13
Evaluate 16 + 87 - (-197 + 240).
60
What is the value of (3 - -69) + 1743 + -1778?
37
26 + 14 + -54 - -9
-5
What is the value of ((11 - 2) + 6 - 2) + -12 - 13?
-12
(-7 - -4) + 5 + 6 + -1 + (-941 - -818)
-116
What is -12 - (16 - 38 - (-6 - 22))?
-18
What is the value of -61 + (1 - (-8 - (-18 + (-4 - -9)) - 1))?
-64
What is the value of -11 + 1 - (150 + -237 + 69)?
8
What is -11 + (118 + -98 - (4 + 0 - -5))?
0
-2 + 8 - 44 - (8 - (18 - -2))
-26
What is the value of -53 - (-26 + 9 - 21)?
-15
Calculate -16 - (13 - 32) - ((-8 - -16) + -56).
51
54 + 57 + -3 + 1 + -184 + 176
101
What is -137 - (-106 + -24 + 89)?
-96
What is the value of 18 - (29 - -31 - 27)?
-15
What is 4 + -1 + (-50 - (-61 + -25))?
39
14 + (7 - 61) - -30
-10
(-2 + 18 - 1) + -2954 + 2889
-50
What is -3 + 2 - (14 + 5)?
-20
Evaluate (-662 - -741) + -50 + 1.
30
Calculate (-56 + 37 - (21 - -5)) + 0 + 8.
-37
Calculate -29 + -21 + -4 + (217 - 30).
133
What is -192 - -240 - (-2 + -22 + 5)?
67
What is the value of 20 - ((-2 + (0 - -2) - (-145 + 140)) + 5)?
10
Evaluate -22 - (11 + 5 + -13 + -56).
31
-1 + -17 - (23 - (30 - 13) - (17 - 0))
-7
Calculate 1 - 12 - (-46 + 3 + (23 - 14)).
23
What is (98 - (-57 + 22)) + -123?
10
Evaluate 17 - (31 - 26) - (33 + -7).
-14
What is -37 + -147 + 60 + 66?
-58
What is the value of -19 + (51 - 31) + -20 + 40?
21
-22 - (-85 + 23 + (-51 - -21))
70
Calculate -61 - (4 - -23 - (60 + -19)).
-47
-11 + -154 + 104 - (-1 - 27)
-33
What is the value of 2 + -20 + (-26 + 61 - (1 + 28))?
-12
What is 1485 - 1514 - (-2 + -124)?
97
Calculate -14 + (-20 + -18 - -20 - -35) - 2.
1
Evaluate (-25 - (38 - 65)) + -10.
-8
15 + -4 - (16 + -17 - (-3 - (-3 - 25)))
37
What is the value of (21 - (92 + -25)) + 26 + 61?
41
Calculate (-4 - -2) + 60 + (0 - (11 - -18)) + 23.
52
Calculate 3 - -36 - (-159 + (-170 - -250)).
118
What is -17 + (2 + 1 - 5) + (-137 - -135)?
-21
Calculate 62 + (-18 - 61) - 60.
-77
What is the value of -15 - (-64 + 8) - (-10 - (-13 + -1))?
37
What is the value of 113 + -17 + 23 + -61?
58
What is the value of (2 - (14 + 0) - 48) + -17?
-77
Evaluate 1 - 18 - (90 + -3) - -13 - -19.
-72
-13 - -2 - (72 + -68) - -26
11
Evaluate 15 - (-24 - (-63 - -55)).
31
What is the value of -16 - (-28 - (-11 + -13) - -13)?
-25
What is 45 + -43 + (1 - 17) + 3 + -47 + -4?
-62
-41 + -7 + -8 + 11 + -9 - (2 + 0)
-56
Evaluate 105 - (58 - (51 + -74)).
24
Evaluate 7 + (-50 + 6 - (-26 - -8 - -5)).
-24
Evaluate (48 - 19) + -56 - -18.
-9
What is the value of 30 + (11 - (-44 - -22))?
63
Evaluate (15 - 1) + (-8748 - -8696).
-38
Calculate (33 + -82 - -63) + (-2 - -3) + (-3 - 67).
-55
Calculate 3 + 10 + (19 - (-4 - 5)) - -9 - -11.
61
Calculate -1 + 72 + -2141 + 2071.
1
What is the value of (0 - -10) + (31 - (26 - -3 - 5))?
17
What is the value of (-19 + 0 + -2 - (-2252 + 2255)) + 6?
-18
Calculate -60 - ((-6 - -10) + 2) - (1 + -8 - 0).
-59
What is the value of 22 - 45 - 4 - -27?
0
51 + (-9 - (42 + -5) - -16)
21
Evaluate -54 - (60 - 66) - (-13 - -1).
-36
What is the value of (101 - 124) + -94 + 1 - (-9 + 2)?
-109
Calculate -360 + 352 - (29 - (-4 - -5)).
-36
What is (11 + 82 - 14 - (3 - -11)) + -13?
52
What is the value of -6 - (62 + 7) - (-586 - -571)?
-60
What is the value of -12 - (-47 + 1 + -11 + -1 + 5)?
41
Evaluate (70 - -61) + -145 + -4 + 3 + -1 + 148.
132
What is the value of (-6 - -4) + 18 + (18 - -32) + -56?
10
58 + -11 + (-18 - -23) + -22
30
Evaluate -67 - (8 - -17) - -58.
-34
Evaluate -179 + (-5 + 114 - 37).
-107
What is the value of 52 + 81 + 65 + -247?
-49
Calculate -59 + -1 - (891 - 916).
-35
Evaluate (36 - (65 - 49)) + -23 + 2.
-1
Calculate -32 - ((-12 - (-3 - -1)) + 150 + -148).
-24
3 - ((-3 - -1) + 1 - (648 - 655))
-3
(-4092 - -4118) + (2 - 119)
-91
What is the value of 17 + -18 + 4 + 1 + 16 + -10?
10
-14 + -13 + 10 + -28 + -5 + -54
-104
-12 + (3 + (19 - (-8 + -2)) - 5)
15
-20 + (14 - (13 + -45 - -4))
22
What is 387 + -478 + (-23 - -167)?
53
What is the value of 95 - (11 - 8) - (-23 - -14 - -22)?
79
(120 - 162) + 14 - -115
87
What is the value of (33 - -1) + -22 + 5 + (-15 - -3)?
5
2202 - 2233 - (-2 + -26)
-3
Evaluate (17 - 7) + 4 + -6 - (4 + 8).
-4
What is the value of 48 - (-197 + 164 + (3 - 29))?
107
What is the value of -4 - ((-21 + 18 + 6 - 25) + 15)?
3
What is (1 + (0 - 3) - -14) + 106 + -142?
-24
What is the value of 3 + (-440 - -448 - (-4 - (3 + (-3 - 3))))?
12
What is 71 + (-35 - (-9 + 2))?
43
(7 - ((11 - 14) + 7)) + (45 - 66)
-18
What is the value of -33 + 7 + (32 - 22) + -20?
-36
What is the value of (-885 - -955) + -17 + -1?
52
Calculate -5 + 1 - (-43 + 16 + -7 + 3 + -6).
33
Calculate 117 + -1 - (25 + -20 + 24 + -51 + 8).
130
1 + 12 + 231 + -99 + -98
47
Evaluate 13 + (11 + (11 - 11) + -5 - 16).
3
Calculate -81 + 43 + 29 - 28.
-37
-38 - ((-31 - -34 - 23) + -50)
32
What is the value of 47 - (-1 + 2 + -1 + 6) - (39 + -37)?
39
What is (-25 - -1 - -17) + (-3 + 7 + -2 - -96)?
91
Calculate 120 - (11 + 9) - (145 + -113).
68
What is -32 - ((35 - (-49 - -83)) + 1 + -16)?
-18
Calculate (-8 - -10) + (12 + -22 - -27) - 83.
-64
Calculate 32 - (-36 - -63) - (-1 - 63) - -5.
74
6 + 7 + 1 + -9 + (16 + -21 - -13)
13
Calculate 1 + 14 - ((-10 + 17 - 16) + 3).
21
Evaluate (5 - 0) + 11 + -9 - (63 + -33 + -30).
7
What is the value of (-40 + 40 - 15) + -20?
-35
-41 + (0 - 3) + 10 + (-15 - 5) + 25
-29
What is the value of -397 - (-70 + -83) - -126?
-118
36 + -123 + 160 - 36
37
What is the value of (190 - (-29 + 96)) + -91?
32
Calculate (7 - (-11 - 73)) + -21 + (22 - 20).
72
Evaluate (66 - (-2 + -2)) + (-17 - -41 - 35).
59
Calculate 40 + (9 - (7 - 3)) + (15 - (21 - -5)).
34
Calculate 85 + (-1 - (-20 + 20 - -11)).
73
Calculate 39 + (50 - 55) + -33 - (-11 + 1).
11
Evaluate (-16 - -162) + -117 + 17 + 1 + 0.
47
Calculate -114 - (-4 - 17 - -1 - (-54 + 12)).
-136
Calculate (83 - 87 - 3) + 84 + 2 + -13.
66
Calculate -73 + -2 + -5 + (-33 - 1 - -17) + 18.
-79
Evaluate 4 + 2 - (40 + -24) - (-22 - 0) - -65.
77
Calculate -4 - ((-16 - -15) + 47).
-50
What is 22 + 1 + -1 + (23 - 59 - -47)?
33
63 - 56 - (83 - 7 - 9 - -2)
-62
8 + -17 + (-27 - 12 - (-21 + 0))
-27
What is the value of -44 + (-7 - 4 - (99 - 98))?
-56
-2 + 5 - (-19 + (13 - 1)) - 12 - -4
2
What is 4 + -84 + (-710 - -710)?
-80
15 + -12 + 11 + 4 + 2 + -5 + 6
21
-21 + 137 + -119 + -7 + -2 + (1 - 2)
-13
What is the value of (-1 - 0) + (-256 - -250) - 46 - (13 + -3)?
-63
Evaluate -10 + (5 + 32 - -8) + -86.
-51
Evaluate (53 - 30) + -43 + -27 + 4.
-43
Evaluate 20 + (-25 - -21) + -83.
-67
Evaluate (5 - 62) + 22 - -3.
-32
Evaluate -160 + (-143 - (56 + -225)).
-134
Calculate 46 + (-45 - (-15 - 23)).
39
What is the value of 304 - 422 - (-84 - -17)?
-51
What is the value of -34 - (-94 + 54 + 25)?
-19
What is (7 - -6 - (-33 - -29)) + -18?
-1
What is the value of -3 + 4 + -30 - (-22 + 4 + 3)?
-14
Calculate -7 + (17 - (-25 + 1)).
34
Evaluate -47 + (-23 - -15 - -66).
11
-49 + (-191 - -179) + (6 - 7)
-62
What is -17 + 32 + -37 + -20 + 2?
-40
Calculate (-13 + -2 + 1 + 1 - (42094 - 42097)) + 8.
-2
Evaluate -70 + (-4 - 2 - (19 + (-9 - 26))).
-60
Calculate 11 + -7 - -25 - -3 - (-21 + -2 + 14).
41
What is the value of (92 + -69 - 42) + 36?
17
What is the value of -1 + (-1 - 6) + (88 - ((3 - -9) + -1))?
69
What is 25 + 10 + 6 - 4 - 18?
19
What is the value of (2 - (-69 + 1)) + (30 + 12 + -16 - 22)?
74
What is 3 + -17 - (-1 + -3 - (13 - 12))?
-9
What is the value of (-37 - (-13 + -3 + 3) - -13) + 4?
-7
Evaluate 12 + ((10 - 20 - -13) + 6 - 34).
-13
What is -10 + (-39 - ((5 - (-4 - (5 + -12))) + -5))?
-46
Calculate 32 - 44 - (-135 - -137).
-14
Evaluate -50 - (-66 + 52 - (-2 - 14)).
-52
Evaluate (-16 - -2) + 56 - (1 + 14 - (4 + -4)).
27
What is the va